1. Determine l(6).
5
Let j(t) = -136*t**3 + t**2 - 1. Calculate j(1).
-136
Let n(i) = 8*i - 49. Give n(8).
15
Let s(m) = -3*m + 10. What is s(8)?
-14
Let d(l) = l**3 + 8*l**2 - 13*l - 11. Give d(-9).
25
Let o(t) = -t**3 + 9*t**2 + 3*t - 10. Calculate o(9).
17
Let b(m) = 13*m + 290. Give b(-22).
4
Let m(w) = -w**2 - 5*w + 17. What is m(-8)?
-7
Let n(q) = 2*q - 10. Calculate n(0).
-10
Let i(u) = 3*u - 5. Determine i(-5).
-20
Let o(j) = -j + 9. Give o(26).
-17
Let t(m) = -m**3 + 13*m**2 - 9*m + 117. Determine t(13).
0
Let u(j) = 5*j - 24. Determine u(5).
1
Let n(o) = o**2 - 6*o - 45. Give n(-4).
-5
Let z(h) = h**3 - 14*h**2 + 24*h - 12. Determine z(12).
-12
Let z(a) = -a + 1. What is z(-10)?
11
Let h(z) = -41*z**3 + 1. What is h(-1)?
42
Let l(n) = -n**2 + 7*n + 16. Calculate l(8).
8
Let k(f) = f**3 + 6*f**2 + 2*f - 10. Calculate k(-5).
5
Let z(x) = -10*x + 46. Calculate z(5).
-4
Let r(j) = -7*j**2 - 19*j - 1. Determine r(-5).
-81
Let k(f) = -f**2 - 2*f + 3. Give k(-3).
0
Let t(d) = -d**3 - 4*d**2 - 6*d + 4. What is t(-3)?
13
Let f(h) = -h**2 - 38*h - 93. Determine f(-33).
72
Let v(u) = 2*u**3 + u**2 - 15*u + 10. Determine v(0).
10
Let g(y) = -y**3 + 12*y**2 + 27*y + 7. Give g(14).
-7
Let x(f) = -f**2 - 5*f - 1. What is x(-7)?
-15
Let u(i) = -28*i**3 + 2*i**2 + 2*i. Give u(-1).
28
Let c(k) = k**3 + 7*k**2 - 16*k + 10. Give c(-9).
-8
Let a(x) = -4*x - 78. Calculate a(-15).
-18
Let j(n) = 15*n**3 + 2*n - 1. Calculate j(1).
16
Let b(k) = -k + 5. Calculate b(4).
1
Let t(p) = -14*p + 149. Give t(10).
9
Let k(h) = -h**3 - 9*h**2 + 3*h + 11. Determine k(-10).
81
Let q(b) = b**3 - 14*b**2 + 3*b + 15. What is q(14)?
57
Let t(c) = c**3 - 2*c**2 - 9. Calculate t(3).
0
Let l(p) = -8*p**2 - 201*p - 26. Give l(-25).
-1
Let u(w) = -17*w - 2. Calculate u(-2).
32
Let g(p) = p**2 - 30*p + 175. Give g(8).
-1
Let v(n) = 11*n**3 - n**2 - 3*n + 3. What is v(1)?
10
Let d(t) = -t**2 - 13*t + 35. Calculate d(-11).
57
Let x(u) = -2*u**3 + 26*u**2 + 6*u - 57. Give x(13).
21
Let x(j) = j**3 + 5*j**2 - 14*j - 1. Determine x(-7).
-1
Let a(c) = c + 2. Calculate a(3).
5
Let f(t) = 2*t - 10. Determine f(6).
2
Let g(r) = -r**3 + 7*r**2 - 4*r + 9. What is g(7)?
-19
Let y(m) = -m**3 - 2*m**2 - 9*m + 5. What is y(0)?
5
Let b(s) = -13*s + 226. Give b(18).
-8
Let x(z) = 3*z**3 - z**2 - 2. Calculate x(2).
18
Let l(z) = -53*z**2 + 2*z + 3. What is l(-1)?
-52
Let u(q) = 2*q - 10. Calculate u(13).
16
Let q(k) = k**2 - 3*k + 5. What is q(6)?
23
Let v(d) = -d**2 + 20*d - 69. What is v(15)?
6
Let l(k) = k**3 + 9*k**2 + 7*k - 4. Calculate l(-8).
4
Let l(g) = 10*g - 5. Give l(-4).
-45
Let x(f) = 3*f**2 - 17*f + 2. Calculate x(6).
8
Let h(w) = w - 4. What is h(3)?
-1
Let t(o) = -o**3 - 2*o**2 + 3*o + 1. Give t(-3).
1
Let z(f) = -4*f**2 - 6*f - 1. Calculate z(3).
-55
Let b(y) = -y**3 - 18*y**2 - 36*y - 56. What is b(-16)?
8
Let d(s) = -s**2 + 7*s + 20. Give d(9).
2
Let z(g) = -g - 32. Calculate z(-14).
-18
Let j(q) = 11*q + 92. Determine j(-8).
4
Let g(p) = -p**2 + 20*p - 89. What is g(10)?
11
Let y(o) = o + 8. Give y(-3).
5
Let j(m) = 22*m + 129. Determine j(-6).
-3
Let d(v) = -4*v - 4. Determine d(-4).
12
Let o(b) = -b**3 - 13*b**2 - 41*b + 11. Determine o(-8).
19
Let u(y) = y**3 - 28*y**2 - 2*y + 55. Determine u(28).
-1
Let x(g) = -g**2 + 13*g - 1. Determine x(13).
-1
Let w(f) = 70*f - 423. What is w(6)?
-3
Let g(a) = -a**3 - 3*a**2 + 4*a + 4. What is g(-3)?
-8
Let q(y) = 2*y**2 + 13*y + 30. Give q(-5).
15
Let z(x) = 2*x**2 - 2*x. What is z(-2)?
12
Let x(y) = -y**2 - 18*y - 37. What is x(-16)?
-5
Let d(c) = 105*c + 530. Determine d(-5).
5
Let b(c) = -17*c + 59. Determine b(4).
-9
Let a(c) = 3*c + 3. Determine a(-2).
-3
Let s(x) = x + 19. Determine s(-6).
13
Let c(a) = 3*a - 39. Determine c(19).
18
Let o(q) = 2*q**3 + 29*q**2 - 16*q - 10. What is o(-15)?
5
Let w(m) = -5*m + 67. Give w(15).
-8
Let k(z) = -2*z**2 - 70*z + 2. Give k(-35).
2
Let q(t) = 21*t**2 + t - 1. What is q(-1)?
19
Let j(s) = s**3 - 5*s**2 + 2*s - 3. Determine j(4).
-11
Let o(m) = 7*m + 81. What is o(-9)?
18
Let j(s) = 2*s**3 + 4*s**2 + 5*s + 2. Give j(-2).
-8
Let b(w) = w - 19. Calculate b(13).
-6
Let s(o) = -8*o**2 - 35*o - 6. Give s(-4).
6
Let y(x) = -26*x - 77. Calculate y(-4).
27
Let t(r) = -6*r - 21. Give t(-6).
15
Let v(g) = 2*g**2 - 32*g + 21. Give v(16).
21
Let x(m) = -2*m**2 + 9*m + 10. Calculate x(5).
5
Let n(u) = u**3 + 8*u**2 - 3*u + 5. Give n(-8).
29
Let d(h) = -h**2 - h - 83. What is d(0)?
-83
Let l(r) = -r**2 + 8*r - 16. Determine l(4).
0
Let p(g) = -2*g**2 - 38*g - 6. What is p(-19)?
-6
Let z(r) = -14*r**2 - 67*r + 10. Calculate z(-5).
-5
Let t(k) = -k + 2. Calculate t(5).
-3
Let w(q) = -q**2 - 5*q - 12. Calculate w(-3).
-6
Let o(n) = 4*n**2 - 64*n + 103. Calculate o(14).
-9
Let o(k) = -k**2 + 7*k - 1. What is o(6)?
5
Let i(p) = -p**3 - 5*p**2 + 3*p + 17. Give i(-5).
2
Let b(q) = 3*q**3 + 2*q**2 - 2*q - 1. What is b(-2)?
-13
Let c(n) = -n**3 + 10*n**2 + 10. Determine c(9).
91
Let p(u) = -u**3 - 11*u**2 + 18*u - 15. Calculate p(-12).
-87
Let w(i) = i**2 + 3*i + 14. Determine w(-6).
32
Let z(m) = 17*m - 882. Calculate z(52).
2
Let g(b) = -b**3 + 8*b**2 + b - 10. What is g(8)?
-2
Let z(b) = 6*b + 41. Determine z(0).
41
Let r(d) = -d**3 + 77*d + 30. Calculate r(9).
-6
Let t(p) = 54*p**2 + 2*p - 3. Calculate t(1).
53
Let l(i) = -i**3 + 10*i**2 + 78*i - 39. What is l(15)?
6
Let j(f) = -28*f + 9. Calculate j(3).
-75
Let p(f) = 6*f**2 - f + 1. Calculate p(2).
23
Let w(d) = 6*d - 30. What is w(10)?
30
Let w(y) = -y**2 - 10*y - 1. Give w(-10).
-1
Let x(m) = m**3 - 8*m**2 + 9*m - 12. Calculate x(6).
-30
Let w(g) = g**3 + 5*g**2 - 2*g - 3. What is w(-5)?
7
Let f(u) = -13*u - 379. Give f(-30).
11
Let n(p) = -p**2 + 29*p - 82. Determine n(19).
108
Let b(s) = s**3 - 17*s**2 + 14*s + 33. Determine b(16).
1
Let w(y) = y**3 + 3*y**2 - 17*y + 13. Determine w(-6).
7
Let r(z) = -z + 25. Calculate r(0).
25
Let m(q) = -q**3 + 5*q**2 + q + 10. Calculate m(6).
-20
Let u(n) = n**3 - 8*n**2 + 5*n + 7. Give u(7).
-7
Let c(j) = -j**2 + 5*j + 43. Determine c(-5).
-7
Let b(w) = -w**3 - 10*w**2 + 6*w - 70. Give b(-11).
-15
Let d(a) = a**3 - 10*a**2 + a - 4. Determine d(10).
6
Let g(d) = -2*d - 5. Give g(2).
-9
Let z(k) = 3*k - 4. What is z(-5)?
-19
Let c(z) = 34*z - 260. Determine c(8).
12
Let g(f) = -4*f - 16. Give g(3).
-28
Let c(q) = 8*q + 16. What is c(-3)?
-8
Let d(r) = -r**2 + 13*r + 26. Give d(-2).
-4
Let t(u) = -2*u - 12. What is t(5)?
-22
Let y(g) = g**3 + 13*g**2 + 13*g - 1. Calculate y(-12).
-13
Let y(i) = 2*i**2 + 10*i - 13. Give y(-10).
87
Let j(z) = z**3 - 13*z**2 + 2*z - 10. Calculate j(13).
16
Let p(z) = -8*z + 4. Determine p(-5).
44
Let l(w) = w**2 - 12*w - 5. Give l(12).
-5
Let w(t) = t**2 - 13*t + 7. Calculate w(6).
-35
Let w(b) = 5*b + 76. Calculate w(-20).
-24
Let q(l) = l**3 - 11*l**2 + 12*l + 9. What is q(10)?
29
Let u(b) = 59*b + 172. What is u(-3)?
-5
Let c(r) = -r**3 + 12*r**2 - 28*r - 14. Determine c(9).
-23
Let r(y) = y**2 - 18*y + 16. What is r(19)?
35
Let m(h) = 2*h - 2. What is m(7)?
12
Let n(x) = x**3 - 4*x**2 + 10*x - 12. Determine n(3).
9
Let l(g) = g**3 + 7*g**2 - 6*g + 2. Calculate l(-8).
-14
Let v(s) = -s**2 + 8. What is v(3)?
-1
Let u(o) = 3*o**2 + 4*o - 1. Calculate u(3).
38
Let u(f) = 19*f + 38. What is u(-2)?
0
Let x(b) = -b**3 + 3*b**2 + 8*b - 3. Give x(5).
-13
Let f(x) = -12*x - 57. Calculate f(-5).
3
Let k(y) = -y**3 + 10*y**2 + 57*y + 13. Give k(14).
27
Let u(y) = -y - 12. Give u(-6).
-6
Let r(j) = j + 10. Calculate r(-8).
2
Let u(k) = k**2 - 2*k - 79. Determine u(-8).
1
Let a(o) = -2*o**2 - 19*o + 14. What is a(-10)?
4
Let k(l) = 28*l**2 - l. What is k(1)?
27
Let z(g) = -g**2 + 8*g - 17. Calculate z(6).
-5
Let g(n) = 2*n + 12. What is g(-8)?
-4
Let g(o) = o**2 - 8*o + 18. Calculate g(15).
123
Let z(b) = -b**2 + 2*b + 22. What is z(6)?
-2
Let x(i) = 6*i + 21. Determine x(-1).
15
Let h(x) = -x**2 - 2*x + 41. Give h(-8).
-7
Let g(a) = -a**2 + 38*a + 6. Calculate g(38).
6
Let m(a) = a**2 + 6*a + 7. What is m(-6)?
7
Let r(c) = 12*c**2 + 2*c + 1. Calculate r(-1).
11
Let b(l) = 107*l - 209. Determine b(2).
5
Let p(l) = 2*l**3 - 4*l**2 + 3*l - 1. What is p(3)?
26
Let w(y) = -8*y - 17. Determine w(8).
-81
Let d(w) = 5*w + 19. Give d(-6).
-11
Let d(z) = -z**2 + 8*z + 228. Give d(-12).
-12
Let j(i) = -